Let k(r) = r - 1. Let q(b) = b**2 + 2*b - 18. Let u(a) = 4*k(a) - q(a). Let o be u(i). Let c(t) = -5*t**2 - 2*t - 1. Determine c(o).
-4
Suppose 2*q - q = -3*w - 18, -q + 12 = -3*w. Let h(l) = -l**3 - 6*l**2 + l - 2. What is h(w)?
-32
Let y(c) = -c + 2. Let l be -2*(-3)/3 - 8. Let b(p) be the third derivative of p**4/24 - p**3/3 - 36*p**2. Let o(s) = l*y(s) - 7*b(s). Give o(3).
-1
Suppose 9 = 5*x + m, 2 = 2*x + m - 1. Suppose -3*j = u + 3*u - 2, 0 = -2*j - 5*u - 1. Let k(r) = 2*r - j*r + 3 - r. Determine k(x).
1
Let t(s) = 3*s**2 - s + 3. Let m(o) = 50*o**2 - 20*o + 62. Let c(h) = m(h) - 17*t(h). Give c(-6).
-7
Let z be -2 + 1 - ((-54)/(-18) + -3). Let b(f) = -37*f**2 - 4*f - 9. Let t = 6 - 4. Let y(g) = 9*g**2 + g + 2. Let u(o) = t*b(o) + 9*y(o). Give u(z).
6
Let i = 0 + 4. Let f be (i/5)/2 + 360/100. Suppose 0 = -4*z + z + f*z. Let d(j) = j**2 + j - 10. Determine d(z).
-10
Let s(q) be the third derivative of 1/24*q**4 - 1/6*q**3 - 1/60*q**5 + 0*q + q**2 - 66. Determine s(7).
-43
Suppose 4*r - 11 = 5*g, -3*g + 7*g - 20 = -4*r. Let h(n) be the second derivative of -2*n**3/3 + 5*n**2 - 76*n + 1. Calculate h(r).
-6
Suppose 0 = 3*x + 2*x + 5*d - 30, -5*x + d = -36. Let b(u) = -2932*u + 5867*u - 2934*u - x. Give b(5).
-2
Let s = -72 - -77. Let t(p) = 9*p**3 + p + s*p**2 - 7*p**2 - 1 + p - 16*p**3. Determine t(1).
-8
Let j(l) be the third derivative of -l**5/60 - 3*l**4/8 + 2*l**3 - 1805*l**2. Calculate j(-8).
20
Suppose j = -0*j + 5*x - 18, 0 = -2*j + 2*x - 20. Let l(f) = -f**3 - 6*f**2 + 15*f - 16. What is l(j)?
-8
Let k(n) = -4*n**2 - 128*n - 8. Suppose 151 + 314 = -19*p - 143. Calculate k(p).
-8
Let o(d) = 53*d + 51. Let z(w) = -33*w - 34. Let t(b) = 5*o(b) + 8*z(b). Let j(n) = 2*n**2 - 3*n. Let g be j(0). Give t(g).
-17
Let z(y) = 4*y**2 - 26*y + 11. Suppose -55*c = -102*c + 235. Give z(c).
-19
Let z(t) be the first derivative of 13*t**2/2 + 51*t - 329. Determine z(-4).
-1
Let h(s) be the third derivative of s**7/2520 + 7*s**6/720 + 7*s**5/120 - 4*s**4 - 56*s**2. Let m(g) be the second derivative of h(g). Calculate m(-6).
1
Let t(k) = k**2 + 8*k - 1. Let m be t(-9). Let u be m/(-3) - (-1)/(-3). Let b(h) be the second derivative of h**3/2 + h**2 - 16*h - 4. Give b(u).
-7
Let a(z) be the first derivative of z**2 + 12*z - 2417. Give a(-7).
-2
Let o(k) = 1. Let a(d) = 2*d - 7. Let f(b) = a(b) + 2*o(b). Suppose 5*p = 5*p + p. Suppose -13*n + 15*n + 10 = p. What is f(n)?
-15
Let p(b) = 2*b**3 + 4*b**2 + 8*b + 5. Let q(l) = 8*l**3 + 24*l - 3*l**3 - 24*l + 23*l + 14 + 0*l + 12*l**2. Let n(w) = 8*p(w) - 3*q(w). What is n(5)?
-2
Let z(w) be the third derivative of 0*w - 1/2*w**3 + 1/12*w**4 + 0 - 15*w**2. Suppose n = -1 - 2. Calculate z(n).
-9
Suppose 67*a = 36 - 706. Let n(l) be the first derivative of -l**2/2 + l - 2. Calculate n(a).
11
Let p(m) = -2*m**3 + 14*m**2 - 11*m. Suppose -147 = -i - 141. Calculate p(i).
6
Suppose 20 = 47*i + 46 - 26. Let f(g) be the second derivative of 28*g + 0 + i*g**3 - 1/2*g**4 + 0*g**2. Determine f(1).
-6
Let b(g) = 2*g**2 - 39*g + 141. Suppose -15*o + 39 + 34 = -2. What is b(o)?
-4
Let q(r) = r**3 - 13*r**2 + 45*r - 27. Let s be q(6). Let j(t) = -t**3 - 9*t**2 - 10*t + 13*t**2 - 14*t**2. Determine j(s).
9
Suppose 0 = -4*m + 41 - 61. Let x be m + 252/10 + 1/(-5). Let d be -2 + x/(3 - -1). Let q(r) = -r**3 + 4*r**2 + 5*r - 4. Determine q(d).
20
Let m(p) = p**2 - 10*p + 4. Let w(y) = y**3 + 7*y**2 + 3*y. Let h be w(-6). Let x = 26 - h. What is m(x)?
-12
Let h(j) be the first derivative of -j**4/4 + 5*j**3/3 + 12*j**2 + 5*j + 214. What is h(8)?
5
Let z(c) = -c**2 + c + 4. Let d = 421 - 363. Suppose 11*j - 19 = d. Calculate z(j).
-38
Let k(f) = 291*f - 40. Let x(y) = -72*y - 1. Let b(p) = k(p) + 4*x(p). Calculate b(-13).
-83
Let s(c) = -c**2 + 11*c. Let y(l) = l**2 - 14*l + 53. Let h be y(5). Give s(h).
24
Let u(b) = 22 - b**2 - 394*b - 24 + 398*b. Suppose 0 = o - 0*o - 18. Suppose -2*i = 4*f + 6, -i + 2*i - 5*f - o = 0. What is u(i)?
1
Let x(t) = -5*t**2 - 6*t - 17. Let h(v) = 4*v**2 + 7*v + 16. Let d(k) = -4*h(k) - 3*x(k). Suppose -2*q - 2*g + 32 = 52, -3*q = 4*g + 31. What is d(q)?
-4
Let v(s) = -s**2 - 11*s - 24. Let m be v(-8). Let z(i) = -4*i + 35 - 26 - 18 + m*i + 3*i. Calculate z(0).
-9
Suppose 0*x + 3*x - 201 = 0. Let y(f) = 72*f**2 - 3*f + 2. Let h be y(1). Let k(q) = -h*q - 2 + 132*q - x*q. Give k(-2).
10
Suppose 12 = 4*d - 3*w, -5*w + 15 = 5*d - w. Suppose d - 38 = -5*j. Let f(g) = 4*g**2 - 12*g**2 + 6*g**2 + j - 8*g + 3*g**2. Calculate f(7).
0
Let q(d) = 12*d**2 + 7*d**2 + 8*d - 1 - 2 + 13*d**2 - 33*d**2. Suppose p - 6 = 1. What is q(p)?
4
Let p(f) = -21140*f**2 - 47*f + f**3 + 5*f + 7 - 6*f + 21132*f**2. Give p(12).
7
Let l = -5049 + 5044. Let u(r) be the first derivative of -7*r**4/24 - 5*r**3/6 + r**2/2 + 3. Let a(q) be the second derivative of u(q). Determine a(l).
30
Let l be (-2 - 2)*(-2)/2. Let n(c) be the third derivative of -c**4/12 - 2*c**3/3 - c**2 - 3*c + 672. Give n(l).
-12
Let w(l) = 2*l**2 + l - 1. Let t(x) = -11*x**2 - 10*x - 34. Let i(a) = -t(a) - 6*w(a). Let q(k) be the first derivative of i(k). Determine q(-4).
12
Let w(f) = -f**3 + 12*f**2 + 14*f - 4. Let r = 13 + 0. Let o be w(r). Let a(b) = -32*b + 1 + 2 - 10*b**2 + b**3 + 40*b. Calculate a(o).
-6
Let p(s) be the third derivative of s**6/120 - s**5/30 + s**4/8 - s**3/3 - 4830*s**2. Suppose 2 = -3*x + 4*x. Give p(x).
4
Suppose -5*h + 123 = -97. Let w = -47 + h. Let b(k) = k**3 - 8*k**2 + 5*k + 3. Let u(d) = -2*d**3 + 15*d**2 - 10*d - 5. Let q(o) = w*u(o) - 5*b(o). Give q(4).
4
Suppose -g = 3*r - 20, -4*r + 3*g + 32 + 12 = 0. Let v(f) = -12 - 737*f**2 + 3*f - 2*f**3 + 3*f**3 + 729*f**2. Give v(r).
12
Let w(d) = 814*d**2 + 5*d + 813*d**2 + d - 1626*d**2. Let b = -24 + 19. Give w(b).
-5
Let m(l) = 2*l**3 - 25*l**2 + 14*l - 20. Suppose 609 - 837 = -19*n. What is m(n)?
4
Let q(g) be the first derivative of -g**3/3 + 20*g**2 + 79*g - 2382. Determine q(42).
-5
Let g(f) = 6*f**2 + 7*f - 1. Let u(w) = 2*w**2 + 10*w. Let p(s) = 3*s**2 + 21*s. Let j(i) = -3*p(i) + 7*u(i). Let x(c) = 4*g(c) - 5*j(c). Give x(-3).
8
Let b(l) = 9*l - 2 - l**2 + 3*l**2 - l. Let m be (-7)/(-4) - 24/(-96). Suppose -29*k + m = -u - 31*k, 2*k + 14 = -3*u. Calculate b(u).
22
Let g(w) = -9*w**2 - 3 + 719*w**3 - 12*w - 365*w**3 - 355*w**3. Give g(-8).
29
Let b(r) = -103*r - 96*r - 1 + 295*r - 97*r. Let p be (2/(-6))/((-9)/(-27)). Give b(p).
0
Let h(m) = -m**3 + 7*m**2 - 9*m - 3. Let v(f) = f**3 - 7*f**2 + 10*f + 4. Let q(o) = 4*h(o) + 3*v(o). Let s be (-28)/70*(-85)/2. Let u = s + -11. What is q(u)?
0
Let b be (1 + 0)/(12 + 10/(-2) + -8). Suppose -1 = -4*q + 7. Let a(o) = o**q + o + 1 - 2*o**3 + 0*o + 13*o**3. What is a(b)?
-10
Let d(i) = 4*i + 1285*i**3 - 1284*i**3 - 1 + 3*i**2 + 4 + 0*i**2. Suppose 3*n - 11 = 6*n + 5*s, 3*n + 4 = 2*s. What is d(n)?
-1
Suppose 0 = -8*f + 5*f + 3. Let y be f*14 - (14 + -12). Let l be y/(-8 + 5)*1. Let a(n) = n - 1. What is a(l)?
-5
Let v be (-21)/(-2) - (-12)/(-8). Let j(i) = -v*i**2 + 9*i**2 - 2*i**2 + 4 - i - 3. Calculate j(2).
-9
Let u be (21 - 1)*(12 + 1) - 1. Let g = u + -250. Let q(f) = f - 9. Give q(g).
0
Let v = 2 + 2. Suppose v*m = m - 3. Let g(l) = 8*l**2 + 36*l + 4. Let x(y) = -15*y**2 - 63*y - 7. Let r(d) = -7*g(d) - 4*x(d). What is r(m)?
4
Suppose -2*f + 4*q = -230, -3*q = -4*q - 2. Let t = 106 - f. Let w(n) = -8*n - 4. Calculate w(t).
36
Let a(s) = s**3. Let z(t) = -3*t**3 - 9*t**2 - 17*t + 3. Let u(y) = 2*a(y) + z(y). What is u(-8)?
75
Let d(v) = 9*v**2 - 8*v + 5. Let y(r) = -7*r**2 + 5*r - 5. Let p(a) = -3*d(a) - 4*y(a). What is p(-2)?
1
Let s = 7438 + -7431. Let p(w) = -w**2 - 2*w - 14. What is p(s)?
-77
Let k(g) = -4*g + 6*g**2 + 2*g - g + 23 + 8*g**2. Let y(a) = 5*a**2 - a + 8. Let h(b) = 6*k(b) - 17*y(b). Let u = -8 - -11. Give h(u).
-10
Let h(g) be the first derivative of -g**4/4 - 5*g**3/3 + 13*g**2/2 - 7*g - 651. Calculate h(-7).
0
Suppose -3*l - 332 = 229. Let b = l + 201. Let j(u) = -u**2 + 13*u + 19. Determine j(b).
5
Let w(f) = 2*f**2 - 7*f - 2. Let r(o) be the third derivative of o**4/24 + 13*o**3/6 + 2*o**2 + 9*o. Let n be r(-8). Calculate w(n).
13
Suppose -5*k + 3 = -7. Let s(y) = -12 - 3*y**k + 23 - 7 - 5. Give s(-2).
-13
Let d(r) = r - 6. Let z(t) = 8*t + 5*t + 17 - 4*t**2 + 8*t**2 - 3*t**2. Let b = -28 - -16. 